60?
False
Is 110586 a multiple of 21?
True
Is 187122 a multiple of 16?
False
Does 531 divide 3430791?
True
Is 57 a factor of 1250858?
False
Is 2 a factor of 1297?
False
Is 12 a factor of 21024?
True
Is 383436 a multiple of 37?
False
Is 8312610 a multiple of 30?
True
Is 62 a factor of 197160?
True
Does 52 divide 2083328?
True
Does 577 divide 155838?
False
Is 104 a factor of 8736?
True
Does 5 divide 1319749?
False
Does 23 divide 355766?
False
Does 794 divide 2703938?
False
Is 8149696 a multiple of 480?
False
Is 44 a factor of 261614?
False
Is 256120 a multiple of 198?
False
Is 15 a factor of 469185?
True
Is 12 a factor of 7471948?
False
Is 2084728 a multiple of 37?
True
Is 505335 a multiple of 5?
True
Is 16 a factor of 733296?
True
Is 11 a factor of 251295?
True
Does 59 divide 508371?
False
Does 344 divide 4333712?
True
Is 143 a factor of 181606?
False
Is 527 a factor of 3518254?
False
Is 33335 a multiple of 6?
False
Is 423303 a multiple of 12?
False
Is 17210 a multiple of 83?
False
Is 647343 a multiple of 17?
True
Does 61 divide 819327?
False
Is 2010715 a multiple of 34?
False
Does 780 divide 7910455?
False
Is 4502690 a multiple of 9?
False
Is 334 a factor of 1201284?
False
Is 7865022 a multiple of 45?
False
Is 8 a factor of 4249472?
True
Does 333 divide 274059?
True
Does 8 divide 776224?
True
Is 181 a factor of 282360?
True
Is 235 a factor of 6604440?
True
Is 2453744 a multiple of 231?
False
Is 172294 a multiple of 311?
True
Does 75 divide 13875?
True
Is 248560 even?
True
Is 7 a factor of 20364?
False
Is 138 a factor of 1349637?
False
Does 3 divide 9115?
False
Is 9194084 a multiple of 39?
False
Is 790248 a multiple of 76?
True
Does 115 divide 1988144?
False
Is 203952 a multiple of 14?
True
Does 25 divide 1500825?
True
Is 8 a factor of 2893040?
True
Does 783 divide 4059855?
True
Is 17 a factor of 174357?
False
Does 157 divide 726596?
True
Is 152586 a multiple of 98?
True
Is 5738488 a multiple of 392?
True
Is 18649 a multiple of 3?
False
Does 10 divide 375380?
True
Is 55522 a multiple of 46?
True
Is 548 a factor of 143104?
False
Does 3 divide 41608?
False
Is 146 a factor of 475522?
True
Is 266190 a multiple of 2?
True
Does 35 divide 3519635?
True
Does 208 divide 93664?
False
Does 4 divide 161120?
True
Is 25 a factor of 60388?
False
Does 486 divide 2558790?
True
Does 831 divide 11389891?
False
Does 25 divide 2234802?
False
Is 14 a factor of 851276?
False
Does 13 divide 252959?
False
Is 63138 a multiple of 619?
True
Is 115 a factor of 4985411?
False
Is 1516597 a multiple of 3?
False
Is 20 a factor of 460870?
False
Is 451366 a multiple of 55?
False
Is 139 a factor of 2303925?
True
Is 12908805 a multiple of 48?
False
Does 138 divide 140905?
False
Is 235 a factor of 28200?
True
Does 469 divide 115374?
True
Is 414027 a multiple of 537?
True
Is 7281892 a multiple of 23?
True
Does 120 divide 1691880?
True
Is 309 a factor of 64513?
False
Is 52 a factor of 895024?
True
Is 7 a factor of 288463?
True
Does 468 divide 548952?
False
Does 20 divide 973480?
True
Is 2804533 a multiple of 19?
True
Is 2737 a multiple of 23?
True
Is 1068 a factor of 1190820?
True
Is 289 a factor of 866444?
False
Does 6 divide 61722?
True
Does 254 divide 154432?
True
Is 2 a factor of 937370?
True
Is 1966074 a multiple of 20?
False
Is 112905 a multiple of 11?
False
Is 225 a factor of 171900?
True
Is 220 a factor of 128920?
True
Is 7 a factor of 28493626?
True
Is 51 a factor of 1272501?
True
Is 74151 a multiple of 321?
True
Is 115 a factor of 1741187?
False
Does 22 divide 7709925?
False
Is 702214 a multiple of 7?
False
Is 1261470 a multiple of 218?
False
Does 17 divide 6923488?
True
Does 22 divide 474387?
False
Is 75 a factor of 232431?
False
Is 12 a factor of 3224?
False
Does 51 divide 26306286?
False
Is 5115708 a multiple of 884?
True
Is 208 a factor of 305344?
True
Is 4702 a multiple of 5?
False
Is 113412 a multiple of 78?
True
Is 2188373 a multiple of 346?
False
Is 4542657 a multiple of 21?
True
Is 19 a factor of 633371?
False
Is 5 a factor of 488372?
False
Is 22 a factor of 188144?
True
Is 13 a factor of 8155815?
False
Does 67 divide 1251309?
False
Is 4 a factor of 229104?
True
Is 31 a factor of 120283?
False
Is 92 a factor of 471776?
True
Does 545 divide 4290306?
False
Is 81 a factor of 455350?
False
Does 187 divide 164295?
False
Is 2781350 a multiple of 275?
True
Is 9480288 a multiple of 204?
True
Does 447 divide 15010935?
False
Is 14 a factor of 1715498?
False
Is 2801621 a multiple of 363?
False
Is 34 a factor of 4258398?
True
Is 6 a factor of 424608?
True
Is 72 a factor of 44153?
False
Does 30 divide 2641980?
True
Is 8 a factor of 468984?
True
Is 103 a factor of 2123435?
False
Is 575733 a multiple of 707?
False
Does 550 divide 2917604?
False
Is 24 a factor of 4235016?
True
Does 11 divide 4251621?
True
Is 297 a factor of 7006397?
False
Is 4035719 a multiple of 793?
False
Is 9063093 a multiple of 52?
False
Does 294 divide 38657?
False
Is 1520063 a multiple of 34?
False
Is 2285849 a multiple of 55?
False
Does 69 divide 863604?
True
Does 172 divide 3628856?
True
Is 290 a factor of 234610?
True
Is 252 a factor of 580687?
False
Does 44 divide 1251787?
False
Is 448 a factor of 146099?
False
Is 5792109 a multiple of 20?
False
Is 19 a factor of 142367?
True
Does 3006 divide 13394711?
False
Does 119 divide 721735?
True
Does 105 divide 4323895?
False
Does 3 divide 22233?
True
Is 26 a factor of 555233?
False
Is 573098 a multiple of 241?
True
Does 13 divide 655655?
True
Is 45 a factor of 8606835?
True
Does 12 divide 764868?
True
Is 136 a factor of 523192?
True
Is 4835636 a multiple of 49?
False
Does 363 divide 123456?
False
Is 693225 a multiple of 25?
True
Does 13 divide 1780?
False
Is 5 a factor of 1952569?
False
Does 8 divide 430496?
True
Is 29 a factor of 974298?
False
Is 285 a factor of 99180?
True
Is 163 a factor of 477065?
False
Is 50 a factor of 128943?
False
Is 13 a factor of 280280?
True
Is 24 a factor of 634684?
False
Is 1337267 a multiple of 307?
False
Does 47 divide 7343891?
True
Is 129 a factor of 751861?
False
Does 6 divide 1007351?
False
Does 1147 divide 1488806?
True
Is 25607934 a multiple of 18?
True
Does 108 divide 1695455?
False
Does 2 divide 62328?
True
Is 55519 a multiple of 59?
True
Is 265 a factor of 88245?
True
Is 29 a factor of 155411?
True
Is 1430488 a multiple of 243?
False
Does 188 divide 1344952?
True
Is 11 a factor of 4905700?
False
Does 10 divide 228140?
True
Is 80 a factor of 4878880?
True
Is 2039880 a multiple of 12?
True
Does 32 divide 315188?
False
Is 379974 a multiple of 166?
True
Does 1161 divide 2160621?
True
Is 609902 a multiple of 110?
False
Does 25 divide 12700?
True
Does 69 divide 11438337?
True
Does 420 divide 394230?
False
Is 6 a factor of 851850?
True
Is 409 a factor of 26372?
False
Is 11893914 a multiple of 31?
False
Does 105 divide 403305?
True
Does 13 divide 5252923?
True
Does 58 divide 6752708?
True
Is 5 a factor of 62911?
False
Is 372034 a multiple of 349?
True
Is 2017200 a multiple of 600?
True
Is 151455 a multiple of 115?
True
Is 43 a factor of 23448774?
False
Is 119 a factor of 3740251?
False
Is 19 a factor of 1899630?
False
Does 2 divide 43813?
False
Is 25 a factor of 157875?
True
Is 2404092 a multiple of 7?
False
Is 9297637 a multiple of 138?
False
Is 218 a factor of 116848?
True
Does 211 divide 336756?
True
Is 712750 a multiple of 125?
True
Does 13 divide 2839382?
True
Is 318 a factor of 20309693?
False
Is 1231998 a multiple of 18?
False
Does 22 divide 102916?
True
Is 14 a factor of 34109042?
False
Does 849 divide 11454049?
False
Is 19 a factor of 274436?
True
Is 21 a factor of 1430856?
True
Is 135392 a multiple of 32?
True
Is 405405 a multiple of 63?
True
Does 128 divide 1794432?
True
Is 28856 a multiple of 8?
True
Is 559326 a multiple of 438?
True
Does 63 divide 237573?
True
Does 22 divide 5409281?
False
Does 222 divide 2102041?
False
Is 249978 a multiple of 17?
False
Does 13 divide 4981210?
True
Does 29 divide 612467?
False
Is 710 a factor of 347946?
False
Is 296581 a multiple of 506?
False
Is 4 a factor of 435500?
True
Is 1622712 a multiple of 56?
True
Is 168108 a multiple of 68?
False
Is 13 a factor of 193258?
True
Does 347 divide 3097669?
True
Is 607 a factor of 262302?
False
Does 13 divide 3586271?
True
Does 21 divide 884?